59069b
-102121012120 (base 3) to base 13
-7cc08
490a2 (base 13) to base 12
65771
432010010 (base 6) to base 11
43577aa
What is -2120100100 (base 4) in base 12?
-260a94
-11240346 (base 7) to base 15
-146ae6
What is 9861452 (base 11) in base 7?
300143653
2c586 (base 14) to base 15
22ca8
Convert 1098e2 (base 15) to base 10.
791762
What is 1264456 (base 8) in base 3?
200000102120
Convert -116f (base 16) to base 10.
-4463
13153233 (base 8) to base 4
23031122123
-4c678 (base 13) to base 8
-424631
What is 84429 (base 14) in base 9?
535673
Convert -345515052 (base 6) to base 7.
-105452366
Convert 3435 (base 8) to base 2.
11100011101
What is -202013203 (base 4) in base 11?
-95aa3
-18834c (base 13) to base 7
-5152353
Convert -111000000121 (base 3) to base 7.
-2114023
31050522 (base 6) to base 14
1936b8
Convert 839209 (base 11) to base 6.
44452453
-1366a32 (base 11) to base 3
-11102111001101
What is 3211437 (base 8) in base 5?
204404423
-2c0892 (base 13) to base 2
-100001001010101000101
Convert -5a143b (base 15) to base 12.
-15388a8
Convert 351342 (base 11) to base 7.
4513052
6033166 (base 7) to base 3
1100021201201
What is 2043432 (base 11) in base 8?
15603266
2204460 (base 10) to base 6
115125500
Convert 51382d (base 16) to base 8.
24234055
Convert 2331215 (base 7) to base 9.
486382
-419b9 (base 16) to base 15
-54954
What is -1a85b (base 16) in base 12?
-52a4b
-4243444 (base 7) to base 15
-a2931
What is 32434121 (base 5) in base 8?
1043730
What is 1011101101111001 (base 2) in base 14?
136c1
What is -22100000222222 (base 3) in base 5?
-2113220103
Convert 293cc (base 14) to base 4.
120332120
What is 1131f68 (base 16) in base 5?
14103433230
Convert -21043402 (base 5) to base 9.
-285760
-214423 (base 12) to base 3
-222201102100
-922504 (base 10) to base 2
-11100001001110001000
What is 5131521 (base 6) in base 11?
158379
What is 470406 (base 9) in base 5?
33014303
Convert 1010101111000110100 (base 2) to base 5.
42224141
What is -25039 (base 11) in base 6?
-434323
What is 31213202 (base 6) in base 15?
12ccde
What is 1120111210 (base 3) in base 11?
21313
-a4263 (base 11) to base 8
-450755
Convert -3248783 (base 9) to base 10.
-1745139
20100111000 (base 3) to base 11
85a16
What is -1003331042 (base 5) in base 2?
-111101011000100000101
Convert -a222b3 (base 12) to base 6.
-130145543
What is -123331102210 (base 4) in base 14?
-d8ac72
Convert -4159 (base 15) to base 3.
-200221110
Convert -40300221 (base 6) to base 2.
-100010111000101110101
What is 99037 (base 10) in base 3?
12000212001
132944a (base 12) to base 13
a291b1
1762777 (base 8) to base 16
7e5ff
5522334 (base 6) to base 2
1000011001101110010
What is -2978c7 (base 14) in base 4?
-11200020213
Convert 5298a1 (base 13) to base 3.
10122022002212
Convert -456254 (base 7) to base 8.
-237024
1342604 (base 7) to base 14
49174
a24a86 (base 11) to base 16
191f54
What is 2313221111 (base 4) in base 16?
b7a55
Convert -1014121343 (base 5) to base 13.
-586135
Convert 4735178 (base 10) to base 12.
1704322
What is -1543020 (base 6) in base 12?
-44a70
What is 1000010011101001000101 (base 2) in base 4?
20103221011
-251016 (base 11) to base 4
-1200311233
What is -1c631 (base 13) in base 16?
-daab
What is -132b24 (base 12) in base 3?
-121001121201
1664 (base 8) to base 12
670
What is -126153 (base 12) in base 15?
-5e239
What is 10236075 (base 8) in base 10?
2178109
Convert -2030103032 (base 4) to base 6.
-20152302
-1d4d81 (base 15) to base 10
-1434046
What is -2313321003 (base 4) in base 6?
-24051043
-225012505 (base 6) to base 13
-b25b84
Convert 40b415 (base 15) to base 2.
1011101110110111011001
1102121000 (base 3) to base 11
1a157
What is 6453031 (base 7) in base 14?
166718
What is 1b611 (base 14) in base 7?
410321
Convert -23746 (base 9) to base 14.
-5b30
What is 22112 (base 6) in base 5?
44233
What is 387154 (base 11) in base 16?
94df2
f14c9 (base 16) to base 15
147cab
What is -8381620 (base 9) in base 5?
-2121414041
Convert -860506 (base 12) to base 15.
-2bbd83
Convert 470805 (base 9) to base 11.
1834aa
Convert 7037a93 (base 11) to base 6.
1122544131
Convert -129b158 (base 12) to base 15.
-4cd2b2
-30b0a (base 14) to base 6
-2303330
514b0c (base 13) to base 2
111001110110100000101
Convert -3315006 (base 8) to base 14.
-192bd4
What is 404131040 (base 5) in base 14?
30610d
23198 (base 10) to base 4
11222132
What is -3eac92 (base 16) in base 5?
-2022414120
Convert 1001011100011111110 (base 2) to base 11.
1a1596
Convert 18a6289 (base 11) to base 14.
5d977a
What is -143d07 (base 16) in base 8?
-5036407
What is 157509 (base 11) in base 12?
b938b
-21a41 (base 12) to base 3
-2021022011
What is -69a07b (base 15) in base 16?
-4cfded
-5250606 (base 8) to base 12
-574632
What is -4493a (base 13) in base 2?
-11110011010111010
Convert 99286 (base 10) to base 15.
1e641
1220201022101 (base 3) to base 8
3704066
1142444000 (base 5) to base 11
1586893
What is -232221313 (base 5) in base 12?
-42a35b
-171072 (base 15) to base 14
-211224
What is 3648804 (base 9) in base 15?
2920ea
Convert 100100011201120 (base 3) to base 14.
932c40
Convert -a3944 (base 14) to base 10.
-394216
What is -202131202303 (base 4) in base 12?
-3037b57
Convert 10001010111101001 (base 2) to base 4.
101113221
-1cc20 (base 16) to base 14
-30cda
What is -145041134 (base 6) in base 7?
-34552300
What is 12431301 (base 6) in base 10?
408565
Convert 40b55 (base 12) to base 10.
84593
Convert -1101010010100000 (base 2) to base 16.
-d4a0
Convert -200000302 (base 7) to base 2.
-101011111110111000010111
Convert 1212011221201 (base 3) to base 2.
11110001001001110000
What is -1d4526 (base 16) in base 3?
-10121110100011
What is 101001100000110010010 (base 2) in base 3?
2120002221112
-3417114 (base 9) to base 16
-1c1c65
Convert 1122022012 (base 3) to base 13.
11915
Convert 443620 (base 8) to base 9.
246831
Convert 127d80 (base 14) to base 8.
2333154
Convert 4034024221 (base 5) to base 10.
8111186
11897741 (base 10) to base 16
b58b8d
What is 4032040 (base 5) in base 12?
314b1
-3aa59b4 (base 12) to base 16
-b1f958
e95fb (base 16) to base 3
1210120020200
What is 69391 (base 11) in base 7?
565246
Convert 602982 (base 13) to base 4.
20201112303
Convert -1852a04 (base 11) to base 12.
-107350a
-101101111102 (base 3) to base 9
-341442
29c477 (base 14) to base 12
5a2175
Convert 10010110011100010 (base 2) to base 14.
200dc
What is -881612 (base 12) in base 3?
-11001200210112
What is c77a8 (base 13) in base 7?
3024623
Convert 5324452 (base 6) to base 4.
333202100
Convert -33643561 (base 7) to base 9.
-5463467
2088740 (base 9) to base 2
100010001111000001101
What is -80103 (base 9) in base 14?
-15232
Convert -421104244 (base 5) to base 2.
-110101000010101011010
110112002111 (base 3) to base 16
3c2c5
Convert -183d13 (base 15) to base 11.
-7346a3
511666 (base 11) to base 10
822025
-1149c0 (base 13) to base 7
-3326160
What is 105646 (base 16) in base 4?
10011121012
4282630 (base 10) to base 8
20254406
Convert -203420 (base 9) to base 7.
-1011453
Convert 10135042 (base 6) to base 5.
33331311
Convert 80084 (base 9) to base 2.
1100110101010100
What is -2422535 (base 6) in base 4?
-133022123
Convert -94480 (base 10) to base 14.
-26608
Convert 2375236 (base 8) to base 11.
40738a
1321105 (base 6) to base 15
168a8
-7b596 (base 13) to base 14
-5c03c
Convert -1135245041 (base 6) to base 5.
-11242232431
What is -55153523 (base 6) in base 10?
-1648059
Convert -3551502 (base 6) to base 14.
-4b982
What is -21606 (base 11) in base 16?
-7a71
Convert 116557 (base 9) to base 12.
34921
Convert 101044021 (base 6) to base 2.
110100110111011101101
624985 (base 10) to base 9
1152277
-1100110101011001010011 (base 2) to base 9
-6287121
What is -72ba3e (base 15) in base 12?
-19b1705
333012020 (base 4) to base 10
258440
24240430 (base 6) to base 7
6344205
Convert 1402322 (base 5) to base 13.
cc55
-72898 (base 11) to base 2
-11001111011110000
Convert 1213521 (base 6) to base 3.
10021021011
What is -22972b3 (base 13) in base 8?
-50546074
Convert -302143 (base 7) to base 9.
-77184
23b84 (base 14) to base 13
309a2
What is 34520034 (base 6) in base 12?
43601a
What is 52856 (base 11) in base 10?
76896
250877 (base 12) to base 6
20525431
Convert 302311100122 (base 4) to base 7.
221156245
Convert -7b66 (base 14) to base 5.
-114